ctors of 3261997535.
5, 823, 792709
What are the prime factors of 1154501021?
149, 373, 20773
List the prime factors of 224898569.
7, 541, 59387
List the prime factors of 13960405.
5, 197, 14173
List the prime factors of 850662972.
2, 3, 2625503
What are the prime factors of 624116386?
2, 312058193
List the prime factors of 52795370.
2, 5, 17, 29, 10709
What are the prime factors of 5947556142?
2, 3, 11, 90114487
What are the prime factors of 112557601?
13, 8658277
List the prime factors of 134471516.
2, 173, 194323
List the prime factors of 10531113.
3, 3510371
List the prime factors of 93968756.
2, 7, 19, 173, 1021
What are the prime factors of 817458235?
5, 11, 29, 283, 1811
What are the prime factors of 129381413?
7, 97, 163, 167
What are the prime factors of 44003592?
2, 3, 613, 997
List the prime factors of 307225961.
7, 181, 242483
List the prime factors of 76544335.
5, 7, 41, 1301
What are the prime factors of 1519994650?
2, 5, 17, 1788229
What are the prime factors of 289474291?
19, 307, 49627
What are the prime factors of 488317980?
2, 3, 5, 2467, 3299
What are the prime factors of 3386558441?
7, 483794063
List the prime factors of 2219596995.
3, 5, 7, 11, 1921729
List the prime factors of 178359760.
2, 5, 2229497
List the prime factors of 42939884.
2, 13, 83, 9949
List the prime factors of 770401368.
2, 3, 11, 4003
List the prime factors of 1901528712.
2, 3, 26410121
List the prime factors of 128780152.
2, 89, 180871
List the prime factors of 2139652061.
22549, 94889
What are the prime factors of 141765521?
6389, 22189
What are the prime factors of 835941637?
13591, 61507
List the prime factors of 94334152.
2, 11, 1071979
What are the prime factors of 508824790?
2, 5, 17, 61, 139, 353
List the prime factors of 339725737.
13, 4217, 6197
What are the prime factors of 179732416?
2, 2808319
List the prime factors of 5242465564.
2, 7, 137, 1366649
List the prime factors of 473785525.
5, 18951421
List the prime factors of 1046932764.
2, 3, 87244397
List the prime factors of 121037371.
7, 13, 41, 32441
What are the prime factors of 107930154?
2, 3, 53, 97, 3499
What are the prime factors of 127524098?
2, 13, 23, 107, 1993
What are the prime factors of 1147904312?
2, 47, 3052937
What are the prime factors of 3193170478?
2, 109, 563, 26017
List the prime factors of 914364970.
2, 5, 91436497
What are the prime factors of 4522732943?
61, 233, 318211
What are the prime factors of 438410154?
2, 3, 7, 13, 251, 457
What are the prime factors of 179525476?
2, 13, 3452413
List the prime factors of 255973514.
2, 3371, 37967
List the prime factors of 1450407072.
2, 3, 83, 182029
List the prime factors of 84461470.
2, 5, 881, 9587
What are the prime factors of 248417569?
71, 1307, 2677
What are the prime factors of 53145185?
5, 19, 739, 757
List the prime factors of 2740357698.
2, 3, 13, 35132791
What are the prime factors of 1231166069?
7, 175880867
What are the prime factors of 1684273924?
2, 19, 22161499
What are the prime factors of 418139517?
3, 19, 23, 313, 1019
List the prime factors of 1363392994.
2, 19, 5437, 6599
List the prime factors of 483303394.
2, 7, 137, 251983
What are the prime factors of 19099116?
2, 3, 530531
What are the prime factors of 330444474?
2, 3, 151, 569, 641
List the prime factors of 64868027.
7, 23, 31, 41, 317
What are the prime factors of 565792140?
2, 3, 5, 9429869
What are the prime factors of 3592550397?
3, 229, 5229331
What are the prime factors of 4668072554?
2, 79, 83, 149, 2389
What are the prime factors of 18099504?
2, 3, 41897
What are the prime factors of 810216884?
2, 61, 3320561
List the prime factors of 2951816.
2, 7, 52711
List the prime factors of 37286016.
2, 3, 89, 1091
What are the prime factors of 430706911?
127, 3391393
List the prime factors of 200407352.
2, 89, 173, 1627
List the prime factors of 82805947.
7, 271, 43651
List the prime factors of 9415768.
2, 53, 419
List the prime factors of 89028678.
2, 3, 14838113
List the prime factors of 426905643.
3, 6619, 21499
What are the prime factors of 1456898548?
2, 7, 1249, 41659
What are the prime factors of 257368839?
3, 7, 13, 97, 9719
What are the prime factors of 155223143?
155223143
What are the prime factors of 169216388?
2, 11, 409, 9403
What are the prime factors of 11228316?
2, 3, 11, 19, 37
What are the prime factors of 110316604?
2, 17, 181, 8963
List the prime factors of 5476960373.
97, 5591, 10099
List the prime factors of 40399935.
3, 5, 2693329
What are the prime factors of 224791539?
3, 7, 37, 193, 1499
What are the prime factors of 76735356?
2, 3, 101, 63313
List the prime factors of 154049593.
154049593
What are the prime factors of 146015550?
2, 3, 5, 17, 19087
List the prime factors of 6231234940.
2, 5, 7, 41, 155083
What are the prime factors of 3378176914?
2, 7, 34471193
What are the prime factors of 126435953?
7, 17, 43, 24709
What are the prime factors of 2784231711?
3, 34373231
List the prime factors of 292579814.
2, 83, 353, 4993
List the prime factors of 212519559.
3, 7, 53, 79, 2417
List the prime factors of 551258347.
47, 1459, 8039
List the prime factors of 1676707277.
7, 239529611
What are the prime factors of 189283239?
3, 21031471
List the prime factors of 5098241412.
2, 3, 11, 29, 107, 461
What are the prime factors of 227499916?
2, 7, 17, 477941
What are the prime factors of 428182288?
2, 181, 147853
What are the prime factors of 16925203?
16925203
What are the prime factors of 360768023?
7, 11, 4685299
What are the prime factors of 5289374864?
2, 83, 1277, 3119
What are the prime factors of 74027099?
41, 61, 29599
What are the prime factors of 39647777?
13, 383, 7963
What are the prime factors of 354717583?
11, 32247053
What are the prime factors of 979159998?
2, 3, 199, 820067
What are the prime factors of 4025756230?
2, 5, 17, 107, 221317
What are the prime factors of 4878101436?
2, 3, 13, 61, 512621
What are the prime factors of 833026080?
2, 3, 5, 307, 5653
List the prime factors of 379204689.
3, 5711, 22133
What are the prime factors of 2100298947?
3, 700099649
List the prime factors of 38007339.
3, 23, 550831
What are the prime factors of 12492324?
2, 3, 13, 26693
What are the prime factors of 40587454?
2, 107, 189661
List the prime factors of 16137359.
7, 2305337
What are the prime factors of 1103744961?
3, 11, 1238771
What are the prime factors of 4277596189?
23, 7019, 26497
What are the prime factors of 2979280094?
2, 7, 212805721
List the prime factors of 311873656.
2, 29, 1344283
What are the prime factors of 88189234?
2, 7, 17, 31, 11953
List the prime factors of 79758707.
7, 11394101
What are the prime factors of 36747181?
167, 293, 751
What are the prime factors of 450693471?
3, 19, 2791, 2833
List the prime factors of 176525862.
2, 3, 179, 164363
What are the prime factors of 7013329?
73, 191, 503
What are the prime factors of 17504109?
3, 7, 79, 3517
What are the prime factors of 148416220?
2, 5, 19, 31, 43, 293
What are the prime factors of 1173810577?
17, 69047681
What are the prime factors of 1201511?
67, 79, 227
List the prime factors of 34565773.
11, 3142343
What are the prime factors of 16902397?
43, 393079
List the prime factors of 88543167.
3, 29514389
What are the prime factors of 190897388?
2, 11, 4338577
What are the prime factors of 80555345?
5, 13, 19, 3433
What are the prime factors of 256053264?
2, 3, 71, 75133
List the prime factors of 19463808.
2, 3, 7, 13, 557
List the prime factors of 45811431.
3, 1951, 2609
List the prime factors of 34386530.
2, 5, 997, 3449
What are the prime factors of 233772779?
167, 1399837
What are the prime factors of 4792890564?
2, 3, 7, 11, 1729037
List the prime factors of 48981803.
13, 3767831
List the prime factors of 23113973.
433, 53381
What are the prime factors of 56481181?
61, 925921
List the prime factors of 429176547.
3, 47686283
List the prime factors of 1078169528.
2, 23, 5859617
List the prime factors of 76651737.
3, 241, 106019
What are the prime factors of 80256538?
2, 443, 90583
What are the prime factors of 4191500530?
2, 5, 7, 59878579
What are the prime factors of 17112789?
3, 70423
List the prime factors of 30633234.
2, 3, 71, 71909
List the prime factors of 132220240.
2, 5, 19, 37, 2351
What are the prime factors of 973805651?
7, 